hen 158023 is divided by 186.
109
What is the remainder when 25962497 is divided by 1129?
13
Calculate the remainder when 50943 is divided by 45829.
5114
What is the remainder when 1861873 is divided by 3?
1
Calculate the remainder when 240331 is divided by 48041.
126
What is the remainder when 329001 is divided by 2140?
1581
Calculate the remainder when 52165734 is divided by 660.
654
Calculate the remainder when 322607 is divided by 2732.
231
Calculate the remainder when 201769 is divided by 8407.
1
Calculate the remainder when 114245 is divided by 6658.
1059
Calculate the remainder when 3241845 is divided by 77.
68
What is the remainder when 1426773 is divided by 285351?
18
What is the remainder when 14259541 is divided by 1418?
133
What is the remainder when 1242172 is divided by 621050?
72
Calculate the remainder when 5304010 is divided by 1768002.
4
Calculate the remainder when 214290 is divided by 2562.
1644
Calculate the remainder when 1113136 is divided by 556554.
28
Calculate the remainder when 3834464 is divided by 37.
6
Calculate the remainder when 344191 is divided by 585.
211
Calculate the remainder when 544244206 is divided by 155.
146
What is the remainder when 618625 is divided by 77328?
1
Calculate the remainder when 10600090 is divided by 2805.
2800
What is the remainder when 303559927 is divided by 745?
737
What is the remainder when 276939 is divided by 1355?
519
Calculate the remainder when 136316 is divided by 34022.
228
What is the remainder when 242187 is divided by 30272?
11
What is the remainder when 135914719 is divided by 6011?
6009
Calculate the remainder when 2812635 is divided by 123.
117
What is the remainder when 728902 is divided by 1018?
14
Calculate the remainder when 42208 is divided by 3.
1
Calculate the remainder when 278426 is divided by 2798.
1424
What is the remainder when 106349 is divided by 403?
360
Calculate the remainder when 74781241 is divided by 24927072.
25
What is the remainder when 767073804 is divided by 9?
6
What is the remainder when 30664988 is divided by 35533?
9
What is the remainder when 143866 is divided by 143014?
852
Calculate the remainder when 935182 is divided by 1661.
39
What is the remainder when 497145841 is divided by 13?
10
Calculate the remainder when 17816567 is divided by 144850.
17
Calculate the remainder when 27336 is divided by 1051.
10
Calculate the remainder when 3440291 is divided by 7212.
167
What is the remainder when 2672534 is divided by 1609?
1594
What is the remainder when 4187013 is divided by 1395529?
426
What is the remainder when 35560072 is divided by 4545?
4537
Calculate the remainder when 579477986 is divided by 4893.
4889
Calculate the remainder when 7842764 is divided by 212.
36
Calculate the remainder when 111125 is divided by 2014.
355
Calculate the remainder when 389687 is divided by 97144.
1111
Calculate the remainder when 8645 is divided by 2354.
1583
Calculate the remainder when 3664410 is divided by 449.
121
Calculate the remainder when 1039913497 is divided by 10.
7
What is the remainder when 4661658 is divided by 35?
8
What is the remainder when 3961725 is divided by 77677?
198
Calculate the remainder when 40221738 is divided by 1107.
0
Calculate the remainder when 34542 is divided by 689.
92
What is the remainder when 2598263 is divided by 21296?
151
Calculate the remainder when 298450 is divided by 37265.
330
What is the remainder when 52236 is divided by 25447?
1342
Calculate the remainder when 3892632 is divided by 259506.
42
Calculate the remainder when 2041196 is divided by 35810.
26
What is the remainder when 63996632 is divided by 31998304?
24
Calculate the remainder when 8841343 is divided by 4420670.
3
Calculate the remainder when 110360 is divided by 55053.
254
Calculate the remainder when 3840079 is divided by 17067.
4
Calculate the remainder when 16994246 is divided by 215.
1
Calculate the remainder when 15314 is divided by 12790.
2524
Calculate the remainder when 599245 is divided by 208.
205
Calculate the remainder when 17646 is divided by 17121.
525
Calculate the remainder when 3792071 is divided by 1197.
1172
What is the remainder when 638723 is divided by 31922?
283
What is the remainder when 29493 is divided by 1892?
1113
What is the remainder when 5257854 is divided by 1343?
9
What is the remainder when 32932 is divided by 24471?
8461
Calculate the remainder when 36462980 is divided by 1267.
1254
What is the remainder when 144943 is divided by 28063?
4628
What is the remainder when 11801198 is divided by 5900594?
10
What is the remainder when 23952 is divided by 1336?
1240
Calculate the remainder when 739763 is divided by 25165.
9978
Calculate the remainder when 252899 is divided by 14875.
24
Calculate the remainder when 610467 is divided by 63.
60
What is the remainder when 43976585 is divided by 219?
71
What is the remainder when 923749 is divided by 202?
3
Calculate the remainder when 3220119 is divided by 288.
279
What is the remainder when 3849581 is divided by 1600?
1581
What is the remainder when 639573 is divided by 37603?
322
Calculate the remainder when 203466 is divided by 67677.
435
What is the remainder when 51531 is divided by 25447?
637
What is the remainder when 63551554 is divided by 2325?
4
What is the remainder when 69758 is divided by 1592?
1302
Calculate the remainder when 226842155 is divided by 568.
563
Calculate the remainder when 184510197 is divided by 1182.
1179
What is the remainder when 341321 is divided by 1390?
771
Calculate the remainder when 42634697 is divided by 1711.
1710
What is the remainder when 1093402 is divided by 881?
81
Calculate the remainder when 3082 is divided by 2980.
102
What is the remainder when 242080 is divided by 400?
80
Calculate the remainder when 951250 is divided by 316968.
346
Calculate the remainder when 683952 is divided by 170988.
0
What is the remainder when 6638014 is divided by 931?
915
What is the remainder when 1812955 is divided by 1812927?
28
What is the remainder when 9070386 is divided by 947?
20
Calculate the remainder when 1593621 is divided by 26552.
501
What is the remainder when 52613232 is divided by 6931?
11
Calculate the remainder when 1410139 is divided by 1682.
623
What is the remainder when 3043403 is divided by 63404?
11
Calculate the remainder when 1497242 is divided by 659.
653
Calculate the remainder when 10359553 is divided by 450415.
8
What is the remainder when 958633 is divided by 3424?
3337
What is the remainder when 6140681 is divided by 31013?
107
What is the remainder when 537272 is divided by 59696?
8
What is the remainder when 3618811 is divided by 1178?
1173
What is the remainder when 1970362 is divided by 2380?
2102
What is the remainder when 205125 is divided by 213?
6
Calculate the remainder when 5888389 is divided by 813.
643
Calculate the remainder when 138990 is divided by 3536.
1086
Calculate the remainder when 13091560 is divided by 71.
12
Calculate the remainder when 179281 is divided by 1724.
1709
What is the remainder when 230251 is divided by 959?
91
Calculate the remainder when 25898 is divided by 25823.
75
Calculate the remainder when 1559659 is divided by 779407.
845
What is the remainder when 23481 is divided by 1932?
297
Calculate the remainder when 45789 is divided by 3813.
33
Calculate the remainder when 2895625 is divided by 81.
37
Calculate the remainder when 12882681 is divided by 314211.
30
What is the remainder when 7354253 is divided by 919276?
45
Calculate the remainder when 745682 is divided by 5039.
4949
What is the remainder when 22390959 is divided by 23?
22
What is the remainder when 4603366 is divided by 30895?
11
What is the remainder when 17394678 is divided by 901?
873
Calculate the remainder when 1259956 is divided by 915.
1
Calculate the remainder when 404603 is divided by 7579.
2916
What is the remainder when 317748 is divided by 329?
263
What is the remainder when 1691832 is divided by 76901?
10
Calculate the remainder when 5366 is divided by 905.
841
Calculate the remainder when 25154213 is divided by 33.
29
What is the remainder when 5499620 is divided by 78566?
0
Calculate the remainder when 22215 is divided by 5548.
23
What is the remainder when 2911950 is divided by 58235?
200